f j?
3
Let u(k) = 3*k**2 + 3*k + 3. Let g be u(-2). Let d(n) = -n**2 + 3*n. Let v be d(3). Suppose v = -4*f + g + 3. What is the units digit of f?
3
Let h(o) = o**2 + 2*o. Let x be h(2). What is the units digit of ((-18)/(-8))/(3/x)?
6
What is the tens digit of (0 + 3 - 4)/((-2)/50)?
2
Let b(l) = 3*l**2 - 2*l - 9. What is the units digit of b(4)?
1
Let y(o) = 2*o**2 - o - 6. What is the hundreds digit of y(8)?
1
Suppose -17 = -h - 15. What is the units digit of h?
2
Suppose -5*x - 32 - 13 = 3*r, -5*x - 20 = -2*r. Let y = 3 + x. Let g = 2 - y. What is the units digit of g?
5
Let z(g) = 3*g**2 - 2*g + 1. Let x(f) = -f**2 + 4*f + 3. Let y be x(4). Suppose -1 + y = i. What is the units digit of z(i)?
9
Let o(r) be the second derivative of -4*r**3/3 - 5*r**2 - 2*r. What is the tens digit of o(-4)?
2
Let h = 5 + 3. Suppose 12 = 2*d - h. Suppose -5*l + d*l - 45 = 0. What is the units digit of l?
9
Suppose -4*w = o + 17, -4*w - 3 = 4*o + 17. Suppose 0 = -3*b - 1 - 5. What is the units digit of (1 + (b - 1))/o?
2
Let q(y) = 15*y**2 + y + 2. What is the units digit of q(2)?
4
Let n = -6 + 4. Let h be n/4 - (-42)/4. Suppose -h + 2 = -z. What is the units digit of z?
8
Let q = -160 - -379. What is the hundreds digit of q?
2
Suppose -3*u + 8 = -1. Suppose -4*n - 20 = -u*w - 9*n, 2*n = -4*w + 8. Suppose w = -4*l + 49 - 17. What is the units digit of l?
8
Suppose 0 = -4*g - 2 - 6. What is the units digit of 2 + g + 0 - -33?
3
Let o = 31 - 10. Let j = o - 12. What is the units digit of j?
9
Suppose -2*g + 10 = -0*g. Let s = 16 + g. Let r = s - 12. What is the units digit of r?
9
Suppose -2*f + 2*k + 332 = -94, 5*f - 1057 = -3*k. Suppose -f = -5*d + 18. What is the units digit of d?
6
Let p = -37 - -73. What is the tens digit of p?
3
Suppose 1 + 7 = 2*j + 4*x, x = 3. Let b = j + 6. What is the units digit of b?
4
Let g = -8 - 1. Let y(n) = -n - 8. Let p be y(g). Let q = 2 + p. What is the units digit of q?
3
Let b(t) be the second derivative of -t**5/5 - t**4/6 + t**2/2 + 3*t. Let w be b(-1). Suppose 0 = w*d + d - n - 26, 2*n - 11 = -d. What is the units digit of d?
7
Suppose -119 = -5*d + 36. What is the units digit of (3 + -3 - 3) + d?
8
Let l(p) = -4 + 13 + p**2 + 2. What is the tens digit of l(0)?
1
Let s(y) = 4*y - 7. Let w be s(5). Suppose -9*b = -6*b - 9. Suppose b + w = 2*u. What is the units digit of u?
8
Suppose -4*g - 16 = a, 3*a = 8*a + g - 15. Suppose 0 = 4*q - m - 82, -26 = -a*q + 5*m + 64. What is the units digit of q?
0
Let k = 84 + 119. What is the units digit of k?
3
Let b(d) = -9 - 2*d + d + 2*d**2 + 3*d + d. What is the tens digit of b(-5)?
2
Let m be ((-10)/(-25))/((-2)/(-5)). What is the units digit of -18*((-15)/9)/m?
0
Let t(r) = r + 8. What is the tens digit of t(6)?
1
Let v be (34 - 0) + -4 + 3. Let t = -6 - -10. Suppose -r - v = -t*r. What is the units digit of r?
1
Suppose -j + 292 = 5*i - 21, 5*i + 2*j = 311. What is the units digit of i?
3
Let c(a) = a + 9. Let p = -5 - 2. What is the units digit of c(p)?
2
Suppose -5*y = -0 - 5, -2*w - 4*y + 46 = 0. What is the tens digit of w?
2
Let k = -130 - -218. What is the tens digit of k?
8
Suppose -q = m + m + 10, 0 = -q - 4*m - 18. What is the units digit of q*(2 - (8 - 2))?
8
Let w(m) = -m**2 + 12*m - 4. What is the tens digit of w(8)?
2
What is the tens digit of ((-128)/(-12))/(3*(-2)/(-9))?
1
What is the tens digit of 0 + 0 + 1 + 216?
1
Let m(g) be the third derivative of -7*g**4/24 + g**3/2 + 4*g**2. What is the tens digit of m(-4)?
3
Suppose -118 = -2*n - 3*f, -5*n - 5*f + 193 + 92 = 0. What is the tens digit of n?
5
Suppose 5*g + 4*p - 3 = 0, 5*g - 13 = 4*p + 14. Suppose -g*j - 2*j + 3*c = -123, -4*j - 2*c + 94 = 0. What is the units digit of j?
4
Let r(m) = 2*m**2 - 2*m - 1. Let c be r(-1). Suppose 2*l + 1 = c*l. Let h = 14 - l. What is the units digit of h?
3
Let u(h) be the second derivative of 5*h**4/12 + h**3/2 + h**2/2 - 5*h. What is the tens digit of u(-3)?
3
Let l be -2*(-2)/4*1. Let s = l + 2. Suppose -1 = u - s. What is the units digit of u?
2
Let t = -433 + 630. What is the units digit of t?
7
Let l be -4*((-1)/(-2) - 1). Suppose -2*n - l*n = -4. What is the units digit of n?
1
Let i be ((-2)/(-3))/(4/54). Let m = i + -6. What is the units digit of m?
3
Let q(j) = -j**3 - 5*j**2 + j + 5. Let s be q(-5). Suppose -3*i + 0 = -6. Suppose i*z - 8 - 10 = s. What is the units digit of z?
9
Let r(d) be the second derivative of -d**5/20 - d**4 - 13*d**3/6 - 13*d**2/2 + 3*d. What is the units digit of r(-11)?
9
Let o(q) = -q**3 - 22*q**2 - 16*q - 25. What is the units digit of o(-22)?
7
Suppose -2*g - 23 = -10*x + 5*x, 0 = 4*x - 5*g - 15. Suppose i + 4*i - 60 = 5*b, 3*b - 92 = -x*i. Suppose -6*j = -2*j - i. What is the units digit of j?
4
Suppose 0 = -3*x + 4*r + 527, r + 497 = 3*x + 3*r. What is the hundreds digit of x?
1
Let y = -44 - -134. What is the units digit of y?
0
Let z = 3 - -2. What is the units digit of z?
5
Suppose 2*l + 84 = 2*q, 2*q - 70 = l + 17. What is the tens digit of q?
4
Suppose 4*k - 3*j - 6 = 5*k, 10 = -2*k - 4*j. Let p = k - -12. What is the units digit of p?
9
Let q(b) = 3*b - 13. Let a(o) = -o + 6. Let j(i) = -5*a(i) - 2*q(i). Let s(z) = -z**3 + 4*z**2 - z - 1. Let r be s(4). What is the units digit of j(r)?
1
Let f(b) = -b**2 - 7*b - 5. Let q be f(-4). Let k(t) = t**3 - 7*t**2 + 3*t - 3. What is the units digit of k(q)?
8
Suppose -4*p = 14 + 18. Let u(s) = -s**2 - 9*s + 11. What is the tens digit of u(p)?
1
Suppose -z + 2*y + 92 = 0, 3*y - 25 = -2*y. What is the hundreds digit of z?
1
Let v(x) = -9 + 3 + 0*x - x. Let d be v(-8). Suppose -r - d*r + 21 = 0. What is the units digit of r?
7
Suppose -96 = -t + 4*z, -2*z - 55 = -2*t + 131. Suppose 4*r = -h - 3*h + 104, 3*r - t = 4*h. What is the units digit of r?
8
Let p = 2 - -23. What is the tens digit of p?
2
Suppose t + 0*t = 2*z - 48, 2*z - 3*t = 40. What is the tens digit of z?
2
Let r be (-40)/6 + 3/(-9). Let s = r + 2. Let x(n) = -n**3 - 4*n**2 + 3*n - 2. What is the units digit of x(s)?
8
Let j = -10 - -15. Suppose 4*k - 21 = l - 2*l, -j*l + 48 = k. What is the units digit of l?
9
Suppose 0 = -3*q - 2*q + 120. Suppose -i - 5*f + q = 0, 2*f + f - 48 = -2*i. What is the tens digit of i?
2
Let z = -71 - -101. What is the units digit of z?
0
What is the tens digit of (-158)/(-20)*2*5?
7
Suppose -540 = r - 5*r. What is the hundreds digit of r?
1
Suppose 0 = -3*l - d - 3, 0*d + 2 = -2*l + 2*d. Let x be (-324)/(-16) - l/(-4). Suppose 4*m - x = -u, u - 18 = -m - 4. What is the units digit of u?
2
Let o = -5 + 36. What is the units digit of o?
1
What is the tens digit of 4/10 - (-2)/(10/103)?
2
Let d(b) = -b. Let g be d(-8). Suppose 3*c - c = -g. Let r = c - -6. What is the units digit of r?
2
Suppose -q = -5*w + w + 23, 4*w = 5*q + 51. Let p = -5 - q. What is the units digit of p?
2
Let l(i) = -i**3 + i**2 + i. Let h be l(1). Suppose 0 = -2*b - 8, -5*n = -n - 2*b - 44. Suppose 4*d = -h + n. What is the units digit of d?
2
Let k(f) = f**3 + 10*f**2 + 10*f - 13. Let l(c) = -2*c**2 - 7*c - 5. Let b be l(-4). Let d be k(b). Let g = 32 + d. What is the units digit of g?
0
Let p(v) = -8*v**2 - 5*v + 1. Let s(n) = 7*n**2 + 4*n - 1. Let b(m) = 6*p(m) + 7*s(m). What is the units digit of b(4)?
7
Let r be -3 - (-5)/(15/(-9)). Let o = 4 + r. What is the units digit of (o/4)/(2/(-44))?
1
Let b be (-13 - -1)*(-2)/6. Suppose -b*a + 78 = -a. What is the tens digit of a?
2
Suppose v + 3 = 4*v. What is the units digit of 8/10*5/v?
4
Suppose -2*h + t = -30, -4*h + t + 19 = -45. What is the units digit of h?
7
What is the units digit of -5 + 4 + (2 - -1)?
2
Let g be 1/(-7) + (-368)/(-28). Let k = 21 - g. What is the units digit of k?
8
Let l(y) = -14*y + 54. What is the tens digit of l(-20)?
3
Let h(b) be the third derivative of b**5/10 + b**4/12 + b**3/6 - b**2. Let u be h(-1). Let n(g) = g**3 - 5*g**2 + 7. What is the units digit of n(u)?
7
Let y(u) = -u**2 + 7*u + 5. Let x be y(7). Let p be 3/15 + (-26)/x. Let c(o) = -2*o - 3. What is the units digit of c(p)?
7
Let z be (1/(-1))/(-1) - -1. Let i(r) = r**3 + 5 + 4*r - 5 + 7*r**z - 2. What is the tens digit of i(-6)?
1
Suppose 3*y + 5*r - 18 = 0, -y + 3*r - 8 = -0*r. Let n = 2 - y. What is the units digit of n?
1
Suppose 0 = 5*a + 27 + 78. Let s = 38 + a. What is the te